t y(n) = -15*n**2 - 2444*n + 17835. Determine y(-170).
-185
Let b(q) = -97*q + 3246. Determine b(37).
-343
Let u(n) = -n**2 - 5122*n + 2315709. Determine u(418).
-11
Let u(s) = -9129372*s - 36517488. Calculate u(-4).
0
Let l(a) = -4*a**2 - 15*a + 10331. Determine l(49).
-8
Let s(f) = -f**3 + 12*f**2 - 1277*f + 13921. What is s(11)?
-5
Let h(w) = -989805*w - 3959249. Calculate h(-4).
-29
Let u(r) = r**3 + r**2 - 114*r - 57. What is u(-14)?
-1009
Let h(q) = q**3 - 350*q**2 + 17165*q + 1249. Determine h(291).
85
Let s(u) = u**3 + 61*u**2 + 535*u - 10880. Give s(-28).
12
Let d(f) = -14690*f - 4686117. Give d(-319).
-7
Let z(d) = d**3 - 109*d**2 - 3423*d + 30704. Give z(133).
-19
Let i(h) = 38195*h - 458341. Calculate i(12).
-1
Let m(n) = 3*n**2 + 8052*n - 227789. Give m(28).
19
Let j(v) = -v**3 + 149*v**2 + 298*v + 504. What is j(151)?
-100
Let f(t) = 9*t**2 - 1555*t - 16789. What is f(183)?
47
Let o(z) = 9*z**3 + 115*z**2 + 245*z - 34. Calculate o(-3).
23
Let k(d) = d**3 - 126*d**2 - 118*d - 66. Calculate k(127).
1077
Let x(s) = -s**2 + 24660*s - 1156822. Give x(47).
-11
Let s(l) = -28*l + 182. Determine s(10).
-98
Let f(m) = -563*m**2 + 9*m - 378. Give f(0).
-378
Let w(d) = 5*d**2 - 1505*d + 35687. What is w(26)?
-63
Let y(k) = k**3 - 495*k**2 + 7545*k + 1899. What is y(16)?
-5
Let m(l) = -l**3 - 2*l**2 + 422*l + 24. Determine m(0).
24
Let z(b) = -26*b**3 + 98*b**2 - 19*b + 25. Calculate z(4).
-147
Let r(u) = 390*u**3 + 4*u**2 - 1855*u - 1858. Determine r(-1).
-389
Let q(g) = -g**3 - 22*g**2 - 121*g - 1123. Calculate q(-18).
-241
Let k(p) = 2488*p + 629465. What is k(-253)?
1
Let x(q) = -2*q**3 - 130*q**2 - 552*q - 4162. Determine x(-61).
-258
Let d(n) = -n**3 - 172*n**2 + 3022*n - 221. Calculate d(16).
3
Let f(t) = 12266*t - 5826330. Give f(475).
20
Let p(c) = 71*c + 10946. What is p(-140)?
1006
Let j(s) = -28100*s - 140222. Give j(-5).
278
Let c(b) = -3*b**2 - 1402*b + 5194. What is c(-471)?
13
Let z(g) = 841*g + 3361. Determine z(-3).
838
Let k(n) = n**3 + 7*n**2 - 364*n - 3593. What is k(-11)?
-73
Let o(p) = -p**3 + 7*p**2 + 4143*p - 271. Calculate o(-61).
34
Let x(w) = 33*w + 2281. What is x(-13)?
1852
Let u(f) = -3*f**2 + 203*f - 5209. What is u(37)?
-1805
Let z(i) = i**3 - 204*i**2 + 736*i + 259. Give z(4).
3
Let v(t) = 95*t - 10740. Give v(110).
-290
Let v(m) = 2*m**3 + 87*m**2 + 535*m + 66. Give v(-36).
246
Let d(p) = 2520*p**2 + 68037*p - 87. What is d(-27)?
-6
Let v(o) = -166*o + 17512. Calculate v(110).
-748
Let d(g) = -116*g**2 - 752*g - 3009. What is d(-4)?
-1857
Let l(s) = -59*s**2 - 13325*s + 1975. Give l(-226).
-59
Let j(i) = -i**3 - 38*i**2 + 414*i + 5187. Determine j(-8).
-45
Let y(h) = -12*h**2 - 277*h + 182. Calculate y(-22).
468
Let b(z) = z**3 + 1011*z**2 + 12999*z + 354. Give b(-13).
29
Let g(k) = -2*k**3 + 134*k**2 + 219*k + 515. Give g(69).
-3418
Let k(l) = 13431*l + 456514. Give k(-34).
-140
Let r(p) = -13*p**2 + 112*p + 565. Give r(-5).
-320
Let s(m) = 712*m + 7553. Give s(-13).
-1703
Let p(x) = 13*x**3 - 23*x**2 - 87*x + 108. Determine p(1).
11
Let s(u) = 898*u - 2125. Give s(3).
569
Let b(a) = -a**2 - 29215*a + 116801. Give b(4).
-75
Let y(d) = -d**3 + 193*d**2 - 9251*d - 631. Give y(104).
-111
Let t(f) = -54522*f + 599713. What is t(11)?
-29
Let h(f) = 4*f**2 - 437*f - 6577. Give h(-14).
325
Let b(r) = 3*r**2 - 2643*r - 104796. Calculate b(919).
-30
Let t(s) = 12820*s - 165. Determine t(0).
-165
Let s(t) = -105*t - 7396. Give s(-34).
-3826
Let v(c) = -180*c**2 + 2118*c + 8738. What is v(15)?
8
Let p(n) = n**2 + 20146*n + 80582. Give p(-4).
14
Let p(k) = 6*k**3 - 56*k**2 + 140*k - 13. Calculate p(5).
37
Let h(k) = -243*k - 5450. Give h(-23).
139
Let m(b) = -b**3 - 167*b**2 - 799*b - 77436. Calculate m(-165).
-51
Let y(t) = -4*t**3 + 4254*t**2 + 1839*t + 307483. Determine y(1064).
-13
Let d(q) = 3*q**2 - 418*q - 2009. Determine d(144).
7
Let f(p) = p**3 - 51*p**2 + 129*p - 14. Give f(48).
-734
Let v(c) = 16*c**2 - 4161*c + 16687. Determine v(256).
47
Let l(g) = -110*g**2 - 341*g + 17. Give l(-6).
-1897
Let g(d) = 9*d**2 - 9000*d + 44808. Give g(995).
33
Let h(d) = d**2 - 40*d - 5226. Give h(95).
-1
Let h(p) = p**3 + 45*p**2 - 45*p + 38. What is h(-46)?
-8
Let g(q) = q**2 + 17*q - 26. Calculate g(28).
1234
Let f(w) = 28277*w + 197950. What is f(-7)?
11
Let m(n) = -n**3 + 4*n**2 + 2135*n + 1070. What is m(-44)?
58
Let w(b) = -b**2 + 7800*b - 9988772. Calculate w(1615).
3
Let h(j) = 87330*j + 523985. Calculate h(-6).
5
Let i(t) = -198*t - 22184. Give i(-115).
586
Let m(u) = 4*u**2 - 1495*u + 105387. What is m(94)?
201
Let k(n) = n**2 - 3378*n - 27095. Calculate k(-8).
-7
Let w(l) = -654*l + 123497. Calculate w(189).
-109
Let o(n) = -5*n**2 - 111*n + 275. Give o(-28).
-537
Let p(z) = 391*z + 5553. Determine p(-8).
2425
Let r(y) = 7*y**2 - 2247*y + 162464. Determine r(211).
-6
Let p(z) = 2*z**3 - 25*z**2 - 49*z + 174. Calculate p(10).
-816
Let b(t) = t**3 + 149*t**2 + 718*t + 66. Calculate b(-144).
354
Let r(l) = -19*l**2 + 9919*l - 49313. Give r(5).
-193
Let q(i) = -30*i**2 - 126*i - 27. Determine q(-10).
-1767
Let d(h) = -397615*h - 2385695. Calculate d(-6).
-5
Let p(i) = 5904*i**3 - 330622*i**2 - 110*i - 99. What is p(56)?
13
Let a(z) = -20*z**3 - 204*z**2 - 64*z - 30. Calculate a(-10).
210
Let t(f) = -f**3 - 384*f**2 + 730*f - 16228. Give t(-386).
-16
Let f(i) = -1648070*i + 1648082. Give f(1).
12
Let j(v) = -31*v**2 + 337*v + 3101. Give j(-6).
-37
Let p(g) = -g**2 + 55*g + 25252. Give p(-134).
-74
Let a(v) = v**3 + 192*v**2 + 437*v - 59332. Give a(-188).
-112
Let k(h) = -1788*h - 1487. What is k(-1)?
301
Let t(h) = -4*h**3 - 8*h**2 - 58*h - 381. Calculate t(-6).
543
Let s(g) = 291*g + 22743. What is s(-78)?
45
Let v(f) = f**2 + 2082*f - 261913. Calculate v(119).
6
Let l(p) = -p**3 + 66*p**2 + 1408*p - 6. Give l(-17).
45
Let x(u) = -u**3 + 89*u**2 + 194*u - 1242. Calculate x(91).
-150
Let c(v) = -118*v + 3115. What is c(31)?
-543
Let l(r) = -3*r**2 - 14*r + 2542. Calculate l(27).
-23
Let u(r) = 3*r**2 - 808*r + 44751. What is u(78)?
-21
Let x(d) = 9*d**3 + 3*d**2 - 1283*d - 7. What is x(0)?
-7
Let f(d) = 192*d - 20347. Determine f(95).
-2107
Let q(z) = z**3 + 14*z**2 + 38*z + 1245. What is q(-16)?
125
Let n(m) = 250*m + 1011. What is n(-4)?
11
Let f(p) = -p**3 + 85*p**2 + 1016*p - 73289. Give f(87).
-35
Let a(h) = 3*h**3 - 179*h**2 - 141*h + 4863. Give a(60).
3
Let l(u) = 2100*u - 88557. What is l(42)?
-357
Let f(m) = 1128*m - 194114. Give f(172).
-98
Let f(o) = -8207*o - 2995502. Determine f(-365).
53
Let o(u) = 3*u**2 + 131*u - 860. Give o(-50).
90
Let d(h) = 73*h**2 + 30366*h - 770. What is d(-416)?
62
Let h(z) = 4*z**2 + 628*z - 13377. What is h(19)?
-1
Let c(h) = h**2 - 504*h + 6677. Calculate c(490).
-183
Let g(v) = -544*v - 826. Give g(-2).
262
Let j(r) = -279768*r - 1678601. Calculate j(-6).
7
Let r(h) = -43*h - 2461. Give r(-58).
33
Let m(l) = -2*l**3 + 280*l**2 + 882*l - 311. Determine m(143).
3121
Let l(u) = 214*u**3 + 1447*u**2 + 1444*u - 2. Calculate l(-1).
-213
Let k(h) = 2*h**3 - 26*h**2 - 42*h + 488. What is k(15)?
758
Let z(l) = 2*l**3 - 215*l**2 + 761*l - 3390. Calculate z(104).
42
Let j(r) = 4*r**3 - 2249*r**2 + 54231*r + 3233. Determine j(537).
11
Let s(z) = z**3 + z**2 - 2*z - 84. Calculate s(0).
-84
Let k(x) = -103*x**2 - 59473*x - 83526. Give k(-576).
-6
Let j(a) = 17*a**3 + 5629*a**2 + 659*a - 991. What is j(-331)?
2
Let o(q) = 4*q**3 + 70*q**2 - 118*q - 111. Calculate o(-19).
-35
Let k(a) = -209*a**2 + 7502*a + 8553. What is k(37)?
6
Let b(y) = 112042*y - 560203. What is b(5)?
7
Let f(h) = -247*h - 20479. Calculate f(-83).
22
Let v(j) = 62221*j**2 - 1493301*j - 75. Give v(24).
-3
Let f(x) = 8972*x - 27465. Give f(3).
-549
Let g(p) = -p**2 - 439*p - 3947. What is g(-9)?
-77
Let p(i) = 352*i**2 - 2473*i + 56. Determine p(7).
-7
Let d(r) = -25*r**3 + 195*r**2 + r + 5. Give d(1).
176
Let t(g) = -g**2 + 421*g - 44261. Calculate t(210).
49
Let l(w) = 687*w**2 - 142*w - 99. Give l(2).
2365
Let d(f) = -441*f + 29194. What is d(67)?
-353
Let m(u) = 2*u**2 - 1382*u + 18950. What is m(677)?
-6
Let r(m) = 2*m**3 - 13*m**2 + 210*m - 2156. What is r(11)?
1243
Let o(m) = m**3 + 3811*m**2 + 41802*m + 27. What is o(-11)?
5
Let g(r) = -1937*r - 12682. Calculate g(-6).
-1060
Let f(c) = -3*c**3 - 50*c**2 + 1